{"id":805,"date":"2024-08-09T14:50:53","date_gmt":"2024-08-09T12:50:53","guid":{"rendered":"https:\/\/jpsa-promotion.com\/?page_id=805"},"modified":"2025-07-17T16:43:52","modified_gmt":"2025-07-17T14:43:52","slug":"nos-realisations","status":"publish","type":"page","link":"https:\/\/jpsa-promotion.com\/?page_id=805","title":{"rendered":"Nos realisations"},"content":{"rendered":"\t\t<div data-elementor-type=\"wp-page\" data-elementor-id=\"805\" class=\"elementor elementor-805\">\n\t\t\t\t<div class=\"elementor-element elementor-element-62ffd5b e-flex e-con-boxed wpr-particle-no wpr-jarallax-no wpr-parallax-no wpr-sticky-section-no e-con e-parent\" data-id=\"62ffd5b\" data-element_type=\"container\" data-settings=\"{&quot;background_background&quot;:&quot;classic&quot;,&quot;_ha_eqh_enable&quot;:false}\">\n\t\t\t\t\t<div class=\"e-con-inner\">\n\t\t<div class=\"elementor-element elementor-element-b0625b8 e-con-full e-flex wpr-particle-no wpr-jarallax-no wpr-parallax-no wpr-sticky-section-no e-con e-child\" data-id=\"b0625b8\" data-element_type=\"container\" data-settings=\"{&quot;background_background&quot;:&quot;classic&quot;,&quot;position&quot;:&quot;absolute&quot;,&quot;_ha_eqh_enable&quot;:false}\">\n\t\t\t\t<\/div>\n\t\t<div class=\"elementor-element elementor-element-68693b7 e-flex e-con-boxed wpr-particle-no wpr-jarallax-no wpr-parallax-no wpr-sticky-section-no e-con e-child\" data-id=\"68693b7\" data-element_type=\"container\" data-settings=\"{&quot;_ha_eqh_enable&quot;:false}\">\n\t\t\t\t\t<div class=\"e-con-inner\">\n\t\t\t\t<div class=\"elementor-element elementor-element-82dc62b elementor-widget__width-initial ha-has-bg-overlay elementor-widget elementor-widget-heading\" data-id=\"82dc62b\" data-element_type=\"widget\" data-widget_type=\"heading.default\">\n\t\t\t\t<div class=\"elementor-widget-container\">\n\t\t\t<style>\/*! elementor - v3.23.0 - 05-08-2024 *\/\n.elementor-heading-title{padding:0;margin:0;line-height:1}.elementor-widget-heading .elementor-heading-title[class*=elementor-size-]>a{color:inherit;font-size:inherit;line-height:inherit}.elementor-widget-heading .elementor-heading-title.elementor-size-small{font-size:15px}.elementor-widget-heading .elementor-heading-title.elementor-size-medium{font-size:19px}.elementor-widget-heading .elementor-heading-title.elementor-size-large{font-size:29px}.elementor-widget-heading .elementor-heading-title.elementor-size-xl{font-size:39px}.elementor-widget-heading .elementor-heading-title.elementor-size-xxl{font-size:59px}<\/style><h2 class=\"elementor-heading-title elementor-size-default\">Nos r\u00e9alisations<\/h2>\t\t<\/div>\n\t\t\t\t<\/div>\n\t\t\t\t\t<\/div>\n\t\t\t\t<\/div>\n\t\t\t\t\t<\/div>\n\t\t\t\t<\/div>\n\t\t<div class=\"elementor-element elementor-element-bb28d7a e-flex e-con-boxed wpr-particle-no wpr-jarallax-no wpr-parallax-no wpr-sticky-section-no e-con e-parent\" data-id=\"bb28d7a\" data-element_type=\"container\" data-settings=\"{&quot;background_background&quot;:&quot;classic&quot;,&quot;_ha_eqh_enable&quot;:false}\">\n\t\t\t\t\t<div class=\"e-con-inner\">\n\t\t<div class=\"elementor-element elementor-element-e235f76 e-con-full programme e-flex wpr-particle-no wpr-jarallax-no wpr-parallax-no wpr-sticky-section-no e-con e-child\" data-id=\"e235f76\" data-element_type=\"container\" data-settings=\"{&quot;background_background&quot;:&quot;classic&quot;,&quot;_ha_eqh_enable&quot;:false}\">\n\t\t<div class=\"elementor-element elementor-element-3cd1510 e-con-full realisation-cards e-flex wpr-particle-no wpr-jarallax-no wpr-parallax-no wpr-sticky-section-no e-con e-child\" data-id=\"3cd1510\" data-element_type=\"container\" data-settings=\"{&quot;_ha_eqh_enable&quot;:false}\">\n\t\t\t\t<div class=\"elementor-element elementor-element-10c4a1b elementor-widget elementor-widget-html\" data-id=\"10c4a1b\" data-element_type=\"widget\" data-widget_type=\"html.default\">\n\t\t\t\t<div class=\"elementor-widget-container\">\n\t\t\t<div class=\"my-custom-filter\">\n<label for=\"filterSelect\">Trier par<\/label>\n<select id=\"filterSelect\">\n  <option value=\"name\">Ordre alphab\u00e9tique<\/option>\n  <option value=\"priceAsc\">Prix croissant<\/option>\n  <option value=\"priceDesc\">Prix d\u00e9croissant<\/option>\n<\/select>\n<\/div>\n<script>\njQuery(document).ready(function ($) {\n    $('select').each(function(){\n    var $this = $(this), numberOfOptions = $(this).children('option').length;\n  \n    $this.addClass('select-hidden'); \n    $this.wrap('<div class=\"select\"><\/div>');\n    $this.after('<div class=\"select-styled\"><\/div>');\n\n    var $styledSelect = $this.next('div.select-styled');\n    $styledSelect.text($this.children('option').eq(0).text());\n  \n    var $list = $('<ul \/>', {\n        'class': 'select-options'\n    }).insertAfter($styledSelect);\n  \n    for (var i = 0; i < numberOfOptions; i++) {\n        $('<li \/>', {\n            text: $this.children('option').eq(i).text(),\n            rel: $this.children('option').eq(i).val()\n        }).appendTo($list);\n        if ($this.children('option').eq(i).is(':selected')){\n          $('li[rel=\"' + $this.children('option').eq(i).val() + '\"]').addClass('is-selected')\n        }\n    }\n  \n    var $listItems = $list.children('li');\n  \n    $styledSelect.click(function(e) {\n        e.stopPropagation();\n        $('div.select-styled.active').not(this).each(function(){\n            $(this).removeClass('active').next('ul.select-options').hide();\n        });\n        $(this).toggleClass('active').next('ul.select-options').toggle();\n    });\n  \n    $listItems.click(function(e) {\n        e.stopPropagation();\n        $styledSelect.text($(this).text()).removeClass('active');\n        $this.val($(this).attr('rel'));\n      $list.find('li.is-selected').removeClass('is-selected');\n      $list.find('li[rel=\"' + $(this).attr('rel') + '\"]').addClass('is-selected');\n        $list.hide();\n        $this.val($this.val()).change();\n    });\n  \n    $(document).click(function() {\n        $styledSelect.removeClass('active');\n        $list.hide();\n    });\n\n});\n});\n<\/script>\t\t<\/div>\n\t\t\t\t<\/div>\n\t\t\t\t<div class=\"elementor-element elementor-element-ec29081 wpr-item-styles-wrapper programme wpr-grid-columns-3 wpr-grid-columns--tablet2 wpr-grid-columns--mobile1 wpr-grid-pagination-center elementor-widget elementor-widget-wpr-grid\" data-id=\"ec29081\" data-element_type=\"widget\" data-widget_type=\"wpr-grid.default\">\n\t\t\t\t<div class=\"elementor-widget-container\">\n\t\t\t<ul class=\"wpr-grid-filters elementor-clearfix wpr-grid-filters-sep-right\"><li class=\" wpr-pointer-none wpr-pointer-line-fx wpr-pointer-fx-none\"><span data-filter=\"*\" class=\"wpr-active-filter \">Tous<\/span><em class=\"wpr-grid-filters-sep\"><\/em><\/li><li class=\" wpr-pointer-none wpr-pointer-line-fx wpr-pointer-fx-none\"><span  data-filter=\".tag-livrable-fin-2025\">Livrable fin 2025<\/span><em class=\"wpr-grid-filters-sep\"><\/em><\/li><li class=\" wpr-pointer-none wpr-pointer-line-fx wpr-pointer-fx-none\"><span  data-filter=\".tag-nouveaute\">nouveaut\u00e9<\/span><em class=\"wpr-grid-filters-sep\"><\/em><\/li><\/ul><section class=\"wpr-grid elementor-clearfix\" data-settings=\"{&quot;layout&quot;:&quot;fitRows&quot;,&quot;stick_last_element_to_bottom&quot;:&quot;&quot;,&quot;columns_desktop&quot;:3,&quot;gutter_hr&quot;:32,&quot;gutter_hr_mobile&quot;:32,&quot;gutter_hr_mobile_extra&quot;:32,&quot;gutter_hr_tablet&quot;:32,&quot;gutter_hr_tablet_extra&quot;:32,&quot;gutter_hr_laptop&quot;:32,&quot;gutter_hr_widescreen&quot;:32,&quot;gutter_vr&quot;:0,&quot;gutter_vr_mobile&quot;:0,&quot;gutter_vr_mobile_extra&quot;:0,&quot;gutter_vr_tablet&quot;:0,&quot;gutter_vr_tablet_extra&quot;:0,&quot;gutter_vr_laptop&quot;:0,&quot;gutter_vr_widescreen&quot;:0,&quot;animation&quot;:&quot;default&quot;,&quot;animation_duration&quot;:0.3,&quot;animation_delay&quot;:0.1,&quot;deeplinking&quot;:&quot;&quot;,&quot;filters_linkable&quot;:&quot;no&quot;,&quot;filters_default_filter&quot;:&quot;&quot;,&quot;filters_count&quot;:&quot;&quot;,&quot;filters_hide_empty&quot;:&quot;no&quot;,&quot;filters_animation&quot;:&quot;default&quot;,&quot;filters_animation_duration&quot;:0.3,&quot;filters_animation_delay&quot;:0.1,&quot;pagination_type&quot;:&quot;load-more&quot;,&quot;pagination_max_pages&quot;:1,&quot;lightbox&quot;:{&quot;selector&quot;:&quot;.wpr-grid-image-wrap&quot;,&quot;iframeMaxWidth&quot;:&quot;60%&quot;,&quot;hash&quot;:false,&quot;autoplay&quot;:&quot;true&quot;,&quot;pause&quot;:5000,&quot;progressBar&quot;:&quot;true&quot;,&quot;counter&quot;:&quot;true&quot;,&quot;controls&quot;:&quot;true&quot;,&quot;getCaptionFromTitleOrAlt&quot;:&quot;true&quot;,&quot;thumbnail&quot;:&quot;&quot;,&quot;showThumbByDefault&quot;:&quot;&quot;,&quot;share&quot;:&quot;&quot;,&quot;zoom&quot;:&quot;true&quot;,&quot;fullScreen&quot;:&quot;true&quot;,&quot;download&quot;:&quot;true&quot;}}\"><article class=\"wpr-grid-item elementor-clearfix post-1 post type-post status-publish format-standard has-post-thumbnail hentry category-non-classe tag-livrable-fin-2025\"><div class=\"wpr-grid-item-inner\"><div class=\"wpr-grid-item-above-content elementor-clearfix\"><div class=\"wpr-grid-item-post_tag elementor-repeater-item-2484915 wpr-grid-item-display-block wpr-grid-item-align-left wpr-pointer-none wpr-pointer-line-fx wpr-pointer-fx-fade wpr-grid-tax-style-1\"><div class=\"inner-block\"><a class=\" wpr-tax-id-16\">Livrable fin 2025<\/a><\/div><\/div><\/div><div class=\"wpr-grid-media-wrap wpr-effect-size-medium \" data-overlay-link=\"yes\"><div class=\"wpr-grid-image-wrap\" data-src=\"https:\/\/jpsa-promotion.com\/wp-content\/uploads\/elementor\/thumbs\/Exterieur-rue-des-artisans-2-rezrqcbnwhvfl3j32bw077402fjxb45i32kxvid5p4.png\" data-img-on-hover=\"\"  data-src-secondary=\"\"><img decoding=\"async\" data-no-lazy=\"1\" src=\"https:\/\/jpsa-promotion.com\/wp-content\/uploads\/elementor\/thumbs\/Exterieur-rue-des-artisans-2-rezrqcbnwhvfl3j32bw077402fjxb45i32kxvid5p4.png\" alt=\"Caussade Villa de plain pied\" class=\"wpr-anim-timing-ease-default\"><\/div><div class=\"wpr-grid-media-hover wpr-animation-wrap\"><div class=\"wpr-grid-media-hover-bg  wpr-overlay-fade-in wpr-anim-size-large wpr-anim-timing-ease-default wpr-anim-transparency\" data-url=\"https:\/\/jpsa-promotion.com\/?p=1\"><\/div><\/div><\/div><div class=\"wpr-grid-item-below-content elementor-clearfix\"><h2 class=\"wpr-grid-item-title elementor-repeater-item-0228c4a wpr-grid-item-display-block wpr-grid-item-align-left wpr-pointer-none wpr-pointer-line-fx wpr-pointer-fx-fade\"><div class=\"inner-block\"><a target=\"_self\"  href=\"https:\/\/jpsa-promotion.com\/?p=1\">Caussade Villa de plain pied<\/a><\/div><\/h2><div class=\"wpr-grid-item-excerpt elementor-repeater-item-b515464 wpr-grid-item-display-block wpr-grid-item-align-left\"><div class=\"inner-block\"><p class=\"price\">195000 \u20ac <\/p><p class=\"description\">Villa plain-pied 4 pi\u00e8ces<br \/>\r\nSurface maison 72 m2<\/p><p>Nos r\u00e9alisations Caussade Villa de plain pied Deux maisons modernes et fonctionnelles. A partir de 72 m2 de plain-pied, situ\u00e9es \u00e0 deux pas des commerces et commodit\u00e9s. livrables fin d&#8217;ann\u00e9e 2025. Dans cette offre inclus Salon\/S\u00e9jour Cuisine 2 chambres Cellier Place de parking Points forts Tous les commerces et services\u2026<\/p><\/div><\/div><\/div><\/div><\/article><article class=\"wpr-grid-item elementor-clearfix post-188 post type-post status-publish format-standard has-post-thumbnail hentry category-non-classe tag-livrable-fin-2025\"><div class=\"wpr-grid-item-inner\"><div class=\"wpr-grid-item-above-content elementor-clearfix\"><div class=\"wpr-grid-item-post_tag elementor-repeater-item-2484915 wpr-grid-item-display-block wpr-grid-item-align-left wpr-pointer-none wpr-pointer-line-fx wpr-pointer-fx-fade wpr-grid-tax-style-1\"><div class=\"inner-block\"><a class=\" wpr-tax-id-16\">Livrable fin 2025<\/a><\/div><\/div><\/div><div class=\"wpr-grid-media-wrap wpr-effect-size-medium \" data-overlay-link=\"yes\"><div class=\"wpr-grid-image-wrap\" data-src=\"https:\/\/jpsa-promotion.com\/wp-content\/uploads\/elementor\/thumbs\/INSERTION-RUE-DES-TOURONDES-rezrqjudf65q5z85uf50r57otiiv0ozcs3stpq20bc.png\" data-img-on-hover=\"\"  data-src-secondary=\"\"><img decoding=\"async\" data-no-lazy=\"1\" src=\"https:\/\/jpsa-promotion.com\/wp-content\/uploads\/elementor\/thumbs\/INSERTION-RUE-DES-TOURONDES-rezrqjudf65q5z85uf50r57otiiv0ozcs3stpq20bc.png\" alt=\"Caussade Villa \u00e0 \u00e9tage\" class=\"wpr-anim-timing-ease-default\"><\/div><div class=\"wpr-grid-media-hover wpr-animation-wrap\"><div class=\"wpr-grid-media-hover-bg  wpr-overlay-fade-in wpr-anim-size-large wpr-anim-timing-ease-default wpr-anim-transparency\" data-url=\"https:\/\/jpsa-promotion.com\/?p=188\"><\/div><\/div><\/div><div class=\"wpr-grid-item-below-content elementor-clearfix\"><h2 class=\"wpr-grid-item-title elementor-repeater-item-0228c4a wpr-grid-item-display-block wpr-grid-item-align-left wpr-pointer-none wpr-pointer-line-fx wpr-pointer-fx-fade\"><div class=\"inner-block\"><a target=\"_self\"  href=\"https:\/\/jpsa-promotion.com\/?p=188\">Caussade Villa \u00e0 \u00e9tage<\/a><\/div><\/h2><div class=\"wpr-grid-item-excerpt elementor-repeater-item-b515464 wpr-grid-item-display-block wpr-grid-item-align-left\"><div class=\"inner-block\"><p class=\"price\">230000 \u20ac <\/p><p class=\"description\">Villa 5 pi\u00e8ces- 3 chambres- 98 m2- Parking<\/p><p>Maison moderne et fonctionnelle comprenant une grande pi\u00e8ce de vie lumineuse avec acc\u00e8s direct \u00e0 une terrasse \u00e0 l&#039;abri des regards, 1 cuisine, 1 cellier, 3 chambres, 1 place de parking<\/p><\/div><\/div><\/div><\/div><\/article><article class=\"wpr-grid-item elementor-clearfix post-534 post type-post status-publish format-standard has-post-thumbnail hentry category-non-classe tag-nouveaute\"><div class=\"wpr-grid-item-inner\"><div class=\"wpr-grid-item-above-content elementor-clearfix\"><div class=\"wpr-grid-item-post_tag elementor-repeater-item-2484915 wpr-grid-item-display-block wpr-grid-item-align-left wpr-pointer-none wpr-pointer-line-fx wpr-pointer-fx-fade wpr-grid-tax-style-1\"><div class=\"inner-block\"><a class=\" wpr-tax-id-10\">nouveaut\u00e9<\/a><\/div><\/div><\/div><div class=\"wpr-grid-media-wrap wpr-effect-size-medium \" data-overlay-link=\"yes\"><div class=\"wpr-grid-image-wrap\" data-src=\"https:\/\/jpsa-promotion.com\/wp-content\/uploads\/elementor\/thumbs\/modern-outdoor_garden-gepetto-3-rezrop3txxmd9nx3o4aic41yn5nsu6meuxhcn2syl4.jpg\" data-img-on-hover=\"\"  data-src-secondary=\"\"><img decoding=\"async\" data-no-lazy=\"1\" src=\"https:\/\/jpsa-promotion.com\/wp-content\/uploads\/elementor\/thumbs\/modern-outdoor_garden-gepetto-3-rezrop3txxmd9nx3o4aic41yn5nsu6meuxhcn2syl4.jpg\" alt=\"Montbeton lot 19\" class=\"wpr-anim-timing-ease-default\"><\/div><div class=\"wpr-grid-media-hover wpr-animation-wrap\"><div class=\"wpr-grid-media-hover-bg  wpr-overlay-fade-in wpr-anim-size-large wpr-anim-timing-ease-default wpr-anim-transparency\" data-url=\"https:\/\/jpsa-promotion.com\/?p=534\"><\/div><\/div><\/div><div class=\"wpr-grid-item-below-content elementor-clearfix\"><h2 class=\"wpr-grid-item-title elementor-repeater-item-0228c4a wpr-grid-item-display-block wpr-grid-item-align-left wpr-pointer-none wpr-pointer-line-fx wpr-pointer-fx-fade\"><div class=\"inner-block\"><a target=\"_self\"  href=\"https:\/\/jpsa-promotion.com\/?p=534\">Montbeton lot 19<\/a><\/div><\/h2><div class=\"wpr-grid-item-excerpt elementor-repeater-item-b515464 wpr-grid-item-display-block wpr-grid-item-align-left\"><div class=\"inner-block\"><p class=\"price\">280000 \u20ac <\/p><p class=\"description\">Maison 1 \u00e9tage 114 m2\u00a0\u00a0Terrain 651 m2<\/p><p>Nos r\u00e9alisations nouveaut\u00e9 Montbeton lot 19 Profitez d&#8217;un int\u00e9rieur contemporain, et d&#8217;un jardin de 651 m\u00b2 environ pour vos moments de d\u00e9tente en plein air. Le RDC dispose d&#8217;une agr\u00e9able pi\u00e8ce de vie inond\u00e9e de lumi\u00e8re avec son acc\u00e8s direct sur une terrasse en bois, une cuisine haut de gamme\u2026<\/p><\/div><\/div><\/div><\/div><\/article><\/section>\t\t<\/div>\n\t\t\t\t<\/div>\n\t\t\t\t<\/div>\n\t\t\t\t<\/div>\n\t\t\t\t\t<\/div>\n\t\t\t\t<\/div>\n\t\t\t\t<\/div>\n\t\t","protected":false},"excerpt":{"rendered":"<p>Nos r\u00e9alisations Trier par Ordre alphab\u00e9tiquePrix croissantPrix d\u00e9croissant Tous nouveaut\u00e9 Caussade Villa de plain pied 195000 \u20ac Plan maison 7 pi\u00e8ces 4 chambres Surface maison 115 \u00e0 133 m2 Ce plan de maison fait \u00e9cho \u00e0 la maison Concept YRYS 133, laboratoire d&#039;expertises et d&#039;innovations inaugur\u00e9 en 2018 \u00e0 Alen\u00e7on (61). Cette maison de 133 m\u00b2 apporte de pertinentes solutions pour le confort et le bien-\u00eatre des occupants en toutes saisons. Caussade Villa \u00e0 \u00e9tage 230000 \u20ac Maison moderne et fonctionnelle comprenant une grande pi\u00e8ce de vie lumineuse avec acc\u00e8s direct \u00e0 une terrasse \u00e0 l&#039;abri des regards, 1 cuisine, 1 cellier, 3 chambres, 1 place de parking nouveaut\u00e9 Montbeton lot 19 280000 \u20ac Maison 1 \u00e9tage 114 m2\u00a0\u00a0Terrain 651 m2 &nbsp; &nbsp; &nbsp; Nos r\u00e9alisations nouveaut\u00e9 Montbeton lot 19 Profitez d&#8217;un int\u00e9rieur contemporain, et d&#8217;un jardin de 651 m\u00b2 environ pour vos moments de d\u00e9tente en plein air. Le RDC dispose d&#8217;une agr\u00e9able pi\u00e8ce de vie inond\u00e9e de lumi\u00e8re avec son acc\u00e8s direct sur une terrasse en bois, une cuisine haut de gamme\u2026<\/p>\n","protected":false},"author":1,"featured_media":0,"parent":0,"menu_order":0,"comment_status":"closed","ping_status":"closed","template":"","meta":{"_acf_changed":false,"footnotes":""},"class_list":["post-805","page","type-page","status-publish","hentry"],"acf":[],"yoast_head":"<!-- This site is optimized with the Yoast SEO plugin v23.3 - https:\/\/yoast.com\/wordpress\/plugins\/seo\/ -->\n<title>Nos realisations - JPSA Construction<\/title>\n<meta name=\"robots\" content=\"index, follow, max-snippet:-1, max-image-preview:large, max-video-preview:-1\" \/>\n<link rel=\"canonical\" href=\"https:\/\/jpsa-promotion.com\/?page_id=805\" \/>\n<meta property=\"og:locale\" content=\"fr_FR\" \/>\n<meta property=\"og:type\" content=\"article\" \/>\n<meta property=\"og:title\" content=\"Nos realisations - JPSA Construction\" \/>\n<meta property=\"og:description\" content=\"Nos r\u00e9alisations Trier par Ordre alphab\u00e9tiquePrix croissantPrix d\u00e9croissant Tous nouveaut\u00e9 Caussade Villa de plain pied 195000 \u20ac Plan maison 7 pi\u00e8ces 4 chambres Surface maison 115 \u00e0 133 m2 Ce plan de maison fait \u00e9cho \u00e0 la maison Concept YRYS 133, laboratoire d&#039;expertises et d&#039;innovations inaugur\u00e9 en 2018 \u00e0 Alen\u00e7on (61). Cette maison de 133 m\u00b2 apporte de pertinentes solutions pour le confort et le bien-\u00eatre des occupants en toutes saisons. Caussade Villa \u00e0 \u00e9tage 230000 \u20ac Maison moderne et fonctionnelle comprenant une grande pi\u00e8ce de vie lumineuse avec acc\u00e8s direct \u00e0 une terrasse \u00e0 l&#039;abri des regards, 1 cuisine, 1 cellier, 3 chambres, 1 place de parking nouveaut\u00e9 Montbeton lot 19 280000 \u20ac Maison 1 \u00e9tage 114 m2\u00a0\u00a0Terrain 651 m2 &nbsp; &nbsp; &nbsp; Nos r\u00e9alisations nouveaut\u00e9 Montbeton lot 19 Profitez d&#8217;un int\u00e9rieur contemporain, et d&#8217;un jardin de 651 m\u00b2 environ pour vos moments de d\u00e9tente en plein air. Le RDC dispose d&#8217;une agr\u00e9able pi\u00e8ce de vie inond\u00e9e de lumi\u00e8re avec son acc\u00e8s direct sur une terrasse en bois, une cuisine haut de gamme\u2026\" \/>\n<meta property=\"og:url\" content=\"https:\/\/jpsa-promotion.com\/?page_id=805\" \/>\n<meta property=\"og:site_name\" content=\"JPSA Construction\" \/>\n<meta property=\"article:modified_time\" content=\"2025-07-17T14:43:52+00:00\" \/>\n<meta property=\"og:image\" content=\"https:\/\/jpsa-promotion.com\/wp-content\/uploads\/elementor\/thumbs\/Exterieur-rue-des-artisans-2-r8w78vxrncoyqmx53kq3tsf9bsquefwfimxmmegz6g.png\" \/>\n<meta name=\"twitter:card\" content=\"summary_large_image\" \/>\n<meta name=\"twitter:label1\" content=\"Dur\u00e9e de lecture estim\u00e9e\" \/>\n\t<meta name=\"twitter:data1\" content=\"2 minutes\" \/>\n<script type=\"application\/ld+json\" class=\"yoast-schema-graph\">{\"@context\":\"https:\/\/schema.org\",\"@graph\":[{\"@type\":\"WebPage\",\"@id\":\"https:\/\/jpsa-promotion.com\/?page_id=805\",\"url\":\"https:\/\/jpsa-promotion.com\/?page_id=805\",\"name\":\"Nos realisations - JPSA Construction\",\"isPartOf\":{\"@id\":\"https:\/\/jpsa-promotion.com\/#website\"},\"primaryImageOfPage\":{\"@id\":\"https:\/\/jpsa-promotion.com\/?page_id=805#primaryimage\"},\"image\":{\"@id\":\"https:\/\/jpsa-promotion.com\/?page_id=805#primaryimage\"},\"thumbnailUrl\":\"https:\/\/jpsa-promotion.com\/wp-content\/uploads\/elementor\/thumbs\/Exterieur-rue-des-artisans-2-r8w78vxrncoyqmx53kq3tsf9bsquefwfimxmmegz6g.png\",\"datePublished\":\"2024-08-09T12:50:53+00:00\",\"dateModified\":\"2025-07-17T14:43:52+00:00\",\"breadcrumb\":{\"@id\":\"https:\/\/jpsa-promotion.com\/?page_id=805#breadcrumb\"},\"inLanguage\":\"fr-FR\",\"potentialAction\":[{\"@type\":\"ReadAction\",\"target\":[\"https:\/\/jpsa-promotion.com\/?page_id=805\"]}]},{\"@type\":\"ImageObject\",\"inLanguage\":\"fr-FR\",\"@id\":\"https:\/\/jpsa-promotion.com\/?page_id=805#primaryimage\",\"url\":\"https:\/\/jpsa-promotion.com\/wp-content\/uploads\/elementor\/thumbs\/Exterieur-rue-des-artisans-2-r8w78vxrncoyqmx53kq3tsf9bsquefwfimxmmegz6g.png\",\"contentUrl\":\"https:\/\/jpsa-promotion.com\/wp-content\/uploads\/elementor\/thumbs\/Exterieur-rue-des-artisans-2-r8w78vxrncoyqmx53kq3tsf9bsquefwfimxmmegz6g.png\"},{\"@type\":\"BreadcrumbList\",\"@id\":\"https:\/\/jpsa-promotion.com\/?page_id=805#breadcrumb\",\"itemListElement\":[{\"@type\":\"ListItem\",\"position\":1,\"name\":\"Accueil\",\"item\":\"https:\/\/jpsa-promotion.com\/\"},{\"@type\":\"ListItem\",\"position\":2,\"name\":\"Nos realisations\"}]},{\"@type\":\"WebSite\",\"@id\":\"https:\/\/jpsa-promotion.com\/#website\",\"url\":\"https:\/\/jpsa-promotion.com\/\",\"name\":\"JPSA Construction\",\"description\":\"\",\"potentialAction\":[{\"@type\":\"SearchAction\",\"target\":{\"@type\":\"EntryPoint\",\"urlTemplate\":\"https:\/\/jpsa-promotion.com\/?s={search_term_string}\"},\"query-input\":\"required name=search_term_string\"}],\"inLanguage\":\"fr-FR\"}]}<\/script>\n<!-- \/ Yoast SEO plugin. -->","yoast_head_json":{"title":"Nos realisations - JPSA Construction","robots":{"index":"index","follow":"follow","max-snippet":"max-snippet:-1","max-image-preview":"max-image-preview:large","max-video-preview":"max-video-preview:-1"},"canonical":"https:\/\/jpsa-promotion.com\/?page_id=805","og_locale":"fr_FR","og_type":"article","og_title":"Nos realisations - JPSA Construction","og_description":"Nos r\u00e9alisations Trier par Ordre alphab\u00e9tiquePrix croissantPrix d\u00e9croissant Tous nouveaut\u00e9 Caussade Villa de plain pied 195000 \u20ac Plan maison 7 pi\u00e8ces 4 chambres Surface maison 115 \u00e0 133 m2 Ce plan de maison fait \u00e9cho \u00e0 la maison Concept YRYS 133, laboratoire d&#039;expertises et d&#039;innovations inaugur\u00e9 en 2018 \u00e0 Alen\u00e7on (61). Cette maison de 133 m\u00b2 apporte de pertinentes solutions pour le confort et le bien-\u00eatre des occupants en toutes saisons. Caussade Villa \u00e0 \u00e9tage 230000 \u20ac Maison moderne et fonctionnelle comprenant une grande pi\u00e8ce de vie lumineuse avec acc\u00e8s direct \u00e0 une terrasse \u00e0 l&#039;abri des regards, 1 cuisine, 1 cellier, 3 chambres, 1 place de parking nouveaut\u00e9 Montbeton lot 19 280000 \u20ac Maison 1 \u00e9tage 114 m2\u00a0\u00a0Terrain 651 m2 &nbsp; &nbsp; &nbsp; Nos r\u00e9alisations nouveaut\u00e9 Montbeton lot 19 Profitez d&#8217;un int\u00e9rieur contemporain, et d&#8217;un jardin de 651 m\u00b2 environ pour vos moments de d\u00e9tente en plein air. Le RDC dispose d&#8217;une agr\u00e9able pi\u00e8ce de vie inond\u00e9e de lumi\u00e8re avec son acc\u00e8s direct sur une terrasse en bois, une cuisine haut de gamme\u2026","og_url":"https:\/\/jpsa-promotion.com\/?page_id=805","og_site_name":"JPSA Construction","article_modified_time":"2025-07-17T14:43:52+00:00","og_image":[{"url":"https:\/\/jpsa-promotion.com\/wp-content\/uploads\/elementor\/thumbs\/Exterieur-rue-des-artisans-2-r8w78vxrncoyqmx53kq3tsf9bsquefwfimxmmegz6g.png"}],"twitter_card":"summary_large_image","twitter_misc":{"Dur\u00e9e de lecture estim\u00e9e":"2 minutes"},"schema":{"@context":"https:\/\/schema.org","@graph":[{"@type":"WebPage","@id":"https:\/\/jpsa-promotion.com\/?page_id=805","url":"https:\/\/jpsa-promotion.com\/?page_id=805","name":"Nos realisations - JPSA Construction","isPartOf":{"@id":"https:\/\/jpsa-promotion.com\/#website"},"primaryImageOfPage":{"@id":"https:\/\/jpsa-promotion.com\/?page_id=805#primaryimage"},"image":{"@id":"https:\/\/jpsa-promotion.com\/?page_id=805#primaryimage"},"thumbnailUrl":"https:\/\/jpsa-promotion.com\/wp-content\/uploads\/elementor\/thumbs\/Exterieur-rue-des-artisans-2-r8w78vxrncoyqmx53kq3tsf9bsquefwfimxmmegz6g.png","datePublished":"2024-08-09T12:50:53+00:00","dateModified":"2025-07-17T14:43:52+00:00","breadcrumb":{"@id":"https:\/\/jpsa-promotion.com\/?page_id=805#breadcrumb"},"inLanguage":"fr-FR","potentialAction":[{"@type":"ReadAction","target":["https:\/\/jpsa-promotion.com\/?page_id=805"]}]},{"@type":"ImageObject","inLanguage":"fr-FR","@id":"https:\/\/jpsa-promotion.com\/?page_id=805#primaryimage","url":"https:\/\/jpsa-promotion.com\/wp-content\/uploads\/elementor\/thumbs\/Exterieur-rue-des-artisans-2-r8w78vxrncoyqmx53kq3tsf9bsquefwfimxmmegz6g.png","contentUrl":"https:\/\/jpsa-promotion.com\/wp-content\/uploads\/elementor\/thumbs\/Exterieur-rue-des-artisans-2-r8w78vxrncoyqmx53kq3tsf9bsquefwfimxmmegz6g.png"},{"@type":"BreadcrumbList","@id":"https:\/\/jpsa-promotion.com\/?page_id=805#breadcrumb","itemListElement":[{"@type":"ListItem","position":1,"name":"Accueil","item":"https:\/\/jpsa-promotion.com\/"},{"@type":"ListItem","position":2,"name":"Nos realisations"}]},{"@type":"WebSite","@id":"https:\/\/jpsa-promotion.com\/#website","url":"https:\/\/jpsa-promotion.com\/","name":"JPSA Construction","description":"","potentialAction":[{"@type":"SearchAction","target":{"@type":"EntryPoint","urlTemplate":"https:\/\/jpsa-promotion.com\/?s={search_term_string}"},"query-input":"required name=search_term_string"}],"inLanguage":"fr-FR"}]}},"_links":{"self":[{"href":"https:\/\/jpsa-promotion.com\/index.php?rest_route=\/wp\/v2\/pages\/805","targetHints":{"allow":["GET"]}}],"collection":[{"href":"https:\/\/jpsa-promotion.com\/index.php?rest_route=\/wp\/v2\/pages"}],"about":[{"href":"https:\/\/jpsa-promotion.com\/index.php?rest_route=\/wp\/v2\/types\/page"}],"author":[{"embeddable":true,"href":"https:\/\/jpsa-promotion.com\/index.php?rest_route=\/wp\/v2\/users\/1"}],"replies":[{"embeddable":true,"href":"https:\/\/jpsa-promotion.com\/index.php?rest_route=%2Fwp%2Fv2%2Fcomments&post=805"}],"version-history":[{"count":6,"href":"https:\/\/jpsa-promotion.com\/index.php?rest_route=\/wp\/v2\/pages\/805\/revisions"}],"predecessor-version":[{"id":2204,"href":"https:\/\/jpsa-promotion.com\/index.php?rest_route=\/wp\/v2\/pages\/805\/revisions\/2204"}],"wp:attachment":[{"href":"https:\/\/jpsa-promotion.com\/index.php?rest_route=%2Fwp%2Fv2%2Fmedia&parent=805"}],"curies":[{"name":"wp","href":"https:\/\/api.w.org\/{rel}","templated":true}]}}